{"id":514,"date":"2013-03-04T13:07:28","date_gmt":"2013-03-04T13:07:28","guid":{"rendered":"http:\/\/www.subverso.es\/?page_id=514"},"modified":"2013-07-04T09:54:24","modified_gmt":"2013-07-04T09:54:24","slug":"hemeroteca-2","status":"publish","type":"page","link":"http:\/\/www.subverso.es\/?page_id=514","title":{"rendered":"HEMEROTECA"},"content":{"rendered":"<div><strong>N\u00fameros anteriores<\/strong><\/div>\n<div><\/div>\n<div><a href=\"http:\/\/www.subverso.es\/?page_id=904\" target=\"_blank\"><span><span style=\"color: #800080;\">SUBVERSO, marzo 2013<\/span><\/span><\/a><\/div>\n<div><a href=\"http:\/\/www.subverso.es\/?m=201304http:\/\/\" target=\"_blank\">SUBVERSO, abril 2013<\/a><\/div>\n<div><a href=\"http:\/\/www.subverso.es\/?m=201305\" target=\"_blank\">SUBVERSO, mayo 2013<\/a><\/div>\n<div><a href=\"http:\/\/www.subverso.es\/?m=201306\" target=\"_blank\">SUBVERSO, junio 2013<\/a><\/div>\n<div>*<\/div>\n<div>*<\/div>\n<div>*<\/div>\n<div><strong>Lista de colaboradores en cualquiera de los n\u00fameros de SUBVERSO<\/strong><\/div>\n<div><\/div>\n<div>\n<p>Ram\u00f3n Ac\u00edn, marzo 2013<\/p>\n<p>Javier Blasco, marzo 2013<\/p>\n<p>Jos\u00e9 Carlos Blasco, marzo 2013<\/p>\n<p>Paola Cadena Pardo, marzo 2013<\/p>\n<p>Jes\u00fas Carrasco, marzo 2013<\/p>\n<p>Julio Alfredo Egea, marzo 2013<\/p>\n<p>\u00d3scar Esquivias, marzo 2013<\/p>\n<p>Casilda Garc\u00eda Archilla, marzo 2013<\/p>\n<p>Luis Garc\u00eda Jambrina, marzo 2013<\/p>\n<p>Javier G\u00f3mez Mar\u00edn, marzo 2013<\/p>\n<p><a href=\"http:\/\/www.subverso.es\/?p=1519\" target=\"_blank\">Juli\u00e1n Mart\u00ednez G\u00f3mez<\/a>, abril 2013<\/p>\n<p>Jos\u00e9 Mar\u00eda Merino, marzo 2013<\/p>\n<p>Cristina Guti\u00e9rrez, marzo 2013<\/p>\n<p>V\u00edctor Guti\u00e9rrez Sanz, marzo 2013<\/p>\n<p>Esteban Hern\u00e1ndez, marzo 2013<\/p>\n<p>Yolanda Izard, marzo 2013<\/p>\n<p>Jos\u00e9 Jim\u00e9nez Lozano, marzo 2013<\/p>\n<p>Luis Marig\u00f3mez, marzo 2013<\/p>\n<p>Vicente Luis Mora, junio 2013<\/p>\n<p>Abb\u00e9 Nozal, marzo 2013<\/p>\n<p>David Palac\u00edn, marzo 2013<\/p>\n<p>Jorge Praga, marzo 2013<\/p>\n<p><a href=\"http:\/\/www.subverso.es\/?p=1484\" target=\"_blank\">David Pujante<\/a>, marzo 2013<\/p>\n<p>Rayco Pulido Rodr\u00edguez, marzo 2013<\/p>\n<p>Pilar Salamanca, marzo 2013<\/p>\n<p>Francisco Silvera, marzo 2013<\/p>\n<p>Ang\u00e9lica Tanarro, marzo 2013<\/p>\n<p>Alice Vel\u00e1zquez-Bellot, marzo 2013<\/p>\n<\/div>\n","protected":false},"excerpt":{"rendered":"<p>N\u00fameros anteriores SUBVERSO, marzo 2013 SUBVERSO, abril 2013 SUBVERSO, mayo 2013 SUBVERSO, junio 2013 * * * Lista de colaboradores en cualquiera de los n\u00fameros de SUBVERSO Ram\u00f3n Ac\u00edn, marzo 2013 Javier Blasco, marzo 2013 Jos\u00e9 Carlos Blasco, marzo 2013 Paola Cadena Pardo, marzo 2013 Jes\u00fas Carrasco, marzo 2013 Julio Alfredo Egea, marzo 2013 \u00d3scar Esquivias, marzo 2013 Casilda Garc\u00eda Archilla, marzo 2013 Luis Garc\u00eda Jambrina, marzo 2013 Javier G\u00f3mez Mar\u00edn, marzo 2013 Juli\u00e1n Mart\u00ednez G\u00f3mez, abril 2013 Jos\u00e9 Mar\u00eda Merino, marzo 2013 Cristina Guti\u00e9rrez, marzo 2013 V\u00edctor Guti\u00e9rrez Sanz, marzo 2013 Esteban Hern\u00e1ndez, marzo 2013 Yolanda Izard, marzo 2013 Jos\u00e9 Jim\u00e9nez Lozano, marzo 2013 Luis Marig\u00f3mez, marzo 2013 Vicente Luis Mora, junio 2013 Abb\u00e9 Nozal, marzo 2013 David Palac\u00edn, marzo 2013 Jorge Praga, marzo 2013 David Pujante, marzo 2013 Rayco Pulido Rodr\u00edguez, marzo 2013 Pilar Salamanca, marzo 2013 Francisco Silvera, marzo 2013 Ang\u00e9lica Tanarro, marzo 2013 Alice Vel\u00e1zquez-Bellot, marzo 2013<\/p>\n","protected":false},"author":3,"featured_media":0,"parent":0,"menu_order":0,"comment_status":"open","ping_status":"open","template":"","meta":{"ngg_post_thumbnail":0},"_links":{"self":[{"href":"http:\/\/www.subverso.es\/index.php?rest_route=\/wp\/v2\/pages\/514"}],"collection":[{"href":"http:\/\/www.subverso.es\/index.php?rest_route=\/wp\/v2\/pages"}],"about":[{"href":"http:\/\/www.subverso.es\/index.php?rest_route=\/wp\/v2\/types\/page"}],"author":[{"embeddable":true,"href":"http:\/\/www.subverso.es\/index.php?rest_route=\/wp\/v2\/users\/3"}],"replies":[{"embeddable":true,"href":"http:\/\/www.subverso.es\/index.php?rest_route=%2Fwp%2Fv2%2Fcomments&post=514"}],"version-history":[{"count":24,"href":"http:\/\/www.subverso.es\/index.php?rest_route=\/wp\/v2\/pages\/514\/revisions"}],"predecessor-version":[{"id":2241,"href":"http:\/\/www.subverso.es\/index.php?rest_route=\/wp\/v2\/pages\/514\/revisions\/2241"}],"wp:attachment":[{"href":"http:\/\/www.subverso.es\/index.php?rest_route=%2Fwp%2Fv2%2Fmedia&parent=514"}],"curies":[{"name":"wp","href":"https:\/\/api.w.org\/{rel}","templated":true}]}}