{"id":861,"date":"2013-03-14T21:16:25","date_gmt":"2013-03-14T21:16:25","guid":{"rendered":"http:\/\/www.subverso.es\/?page_id=861"},"modified":"2013-03-14T22:22:47","modified_gmt":"2013-03-14T22:22:47","slug":"ineditos","status":"publish","type":"page","link":"http:\/\/www.subverso.es\/?page_id=861","title":{"rendered":"In\u00e9ditos"},"content":{"rendered":"<p align=\"center\">PRIMER CONCURSO DE NARRATIVA \u201cSUBVERSO\u201d<\/p>\n<p>La revista SUBVERSO y la C\u00e1tedra Miguel Delibes quieren contribuir al descubrimiento y la promoci\u00f3n de nuevos valores en el campo de la narrativa en lengua espa\u00f1ola. Para ello, convocan el I CONCURSO INTERNACIONAL DE NARRATIVA \u201cSUBVERSO\u201d,\u00a0 que tiene la particularidad de que el fallo final no se llevar\u00e1 a cabo por parte de un Jurado establecido a prop\u00f3sito, sino A TRAV\u00c9S DE LAS VOTACIONES DE LOS LECTORES.<\/p>\n<p>El I CONCURSO DE NARRATIVA \u201cSUBVERSO\u201d se regir\u00e1 por las siguientes<\/p>\n<p align=\"center\">BASES<\/p>\n<ol>\n<li>Podr\u00e1n participar escritores de cualquier nacionalidad, enviando un solo texto escrito en espa\u00f1ol, que ser\u00e1 original e in\u00e9dito.<\/li>\n<li>Dada la naturaleza de este premio, los autores, al concurrir a este concurso, aceptan que el texto presentado se haga p\u00fablico en <i>Subverso<\/i>, para que los lectores puedan acceder a \u00e9l y puedan someterlo a votaci\u00f3n.<\/li>\n<li>Podr\u00e1 presentarse una novela o un libro de relatos de tema libre.<\/li>\n<li>El original se presentar\u00e1 en PDF, escrito en Times New Roman, tama\u00f1o 12, a doble espacio.<\/li>\n<li>La extensi\u00f3n m\u00ednima ser\u00e1 de 100 p\u00e1ginas y la m\u00e1xima, de 200.<\/li>\n<li>En la primera p\u00e1gina constar\u00e1 el t\u00edtulo de la obra, pero no aparecer\u00e1 el nombre del autor. Este s\u00ed se facilitar\u00e1 en el email de contacto, al enviar la obra.<\/li>\n<li>Los env\u00edos deben hacerse a trav\u00e9s de el formulario de COLABORE (en el \u00abmen\u00fa\u00bb de la \u00abcabecera\u00bb de SUBVERSO), poniendo en el \u00abAsunto\u00bb: \u00abConcurso in\u00e9ditos\u00bb y adjuntando el PDF de la obra.<\/li>\n<li>Para evitar una sobrecarga de textos sometidos a votaci\u00f3n, un equipo de <i>Subverso<\/i> har\u00e1 una primera lectura (evaluaci\u00f3n por pares), descartando aquellos originales que no tengan una estimable calidad literaria.<\/li>\n<li>El PREMIO consistir\u00e1 en la publicaci\u00f3n de la obra ganadora por parte de una importante editorial comercial. El autor recibir\u00e1 los correspondientes derechos de autor derivados de la venta.<\/li>\n<li>Se podr\u00e1 acceder a todos los originales preseleccionados en <i>Subverso<\/i>, durante todo el a\u00f1o. Las votaciones se cerrar\u00e1n del 1\u00ba al 31 de diciembre de 2013 y el fallo se har\u00e1 p\u00fablico la primera semana de 2014.<\/li>\n<li>En el caso de obras de estimable calidad literaria, no ganadoras, el equipo de<i> Subverso<\/i> podr\u00e1, con la conformidad de los autores, realizar labores de orientaci\u00f3n (en vistas a la publicaci\u00f3n) y de promoci\u00f3n de sus obras.<\/li>\n<li>El env\u00edo de una obra in\u00e9dita supone la aceptaci\u00f3n de todas las bases, incluida la de su exposici\u00f3n p\u00fablica\u00a0 a los lectores de SUBVERSO, que necesariamente han de poder leer la obra para\u00a0 votarla.<\/li>\n<\/ol>\n","protected":false},"excerpt":{"rendered":"<p>PRIMER CONCURSO DE NARRATIVA \u201cSUBVERSO\u201d La revista SUBVERSO y la C\u00e1tedra Miguel Delibes quieren contribuir al descubrimiento y la promoci\u00f3n de nuevos valores en el campo de la narrativa en lengua espa\u00f1ola. Para ello, convocan el I CONCURSO INTERNACIONAL DE NARRATIVA \u201cSUBVERSO\u201d,\u00a0 que tiene la particularidad de que el fallo final no se llevar\u00e1 a cabo por parte de un Jurado establecido a prop\u00f3sito, sino A TRAV\u00c9S DE LAS VOTACIONES DE LOS LECTORES. El I CONCURSO DE NARRATIVA \u201cSUBVERSO\u201d se regir\u00e1 por las siguientes BASES Podr\u00e1n participar escritores de cualquier nacionalidad, enviando un solo texto escrito en espa\u00f1ol, que ser\u00e1 original e in\u00e9dito. Dada la naturaleza de este premio, los autores, al concurrir a este concurso, aceptan que el texto presentado se haga p\u00fablico en Subverso, para que los lectores puedan acceder a \u00e9l y puedan someterlo a votaci\u00f3n. Podr\u00e1 presentarse una novela o un libro de relatos de tema libre. El original se presentar\u00e1 en PDF, escrito en Times New Roman, tama\u00f1o 12, a doble espacio. La extensi\u00f3n m\u00ednima ser\u00e1 de 100 p\u00e1ginas y la m\u00e1xima, de 200. En la primera p\u00e1gina constar\u00e1 el t\u00edtulo de la obra, pero no aparecer\u00e1 el nombre del autor. Este s\u00ed se facilitar\u00e1 [&hellip;]<\/p>\n","protected":false},"author":1,"featured_media":0,"parent":127,"menu_order":0,"comment_status":"open","ping_status":"open","template":"","meta":{"ngg_post_thumbnail":0},"_links":{"self":[{"href":"http:\/\/www.subverso.es\/index.php?rest_route=\/wp\/v2\/pages\/861"}],"collection":[{"href":"http:\/\/www.subverso.es\/index.php?rest_route=\/wp\/v2\/pages"}],"about":[{"href":"http:\/\/www.subverso.es\/index.php?rest_route=\/wp\/v2\/types\/page"}],"author":[{"embeddable":true,"href":"http:\/\/www.subverso.es\/index.php?rest_route=\/wp\/v2\/users\/1"}],"replies":[{"embeddable":true,"href":"http:\/\/www.subverso.es\/index.php?rest_route=%2Fwp%2Fv2%2Fcomments&post=861"}],"version-history":[{"count":5,"href":"http:\/\/www.subverso.es\/index.php?rest_route=\/wp\/v2\/pages\/861\/revisions"}],"predecessor-version":[{"id":892,"href":"http:\/\/www.subverso.es\/index.php?rest_route=\/wp\/v2\/pages\/861\/revisions\/892"}],"up":[{"embeddable":true,"href":"http:\/\/www.subverso.es\/index.php?rest_route=\/wp\/v2\/pages\/127"}],"wp:attachment":[{"href":"http:\/\/www.subverso.es\/index.php?rest_route=%2Fwp%2Fv2%2Fmedia&parent=861"}],"curies":[{"name":"wp","href":"https:\/\/api.w.org\/{rel}","templated":true}]}}