{"id":864,"date":"2013-03-14T21:17:52","date_gmt":"2013-03-14T21:17:52","guid":{"rendered":"http:\/\/www.subverso.es\/?page_id=864"},"modified":"2013-04-20T19:47:06","modified_gmt":"2013-04-20T19:47:06","slug":"opera-prima","status":"publish","type":"page","link":"http:\/\/www.subverso.es\/?page_id=864","title":{"rendered":"Festival du Premier Roman"},"content":{"rendered":"<p><strong>PRESENTACI\u00d3N<\/strong><\/p>\n<p><a href=\"http:\/\/www.subverso.es\/wp-content\/uploads\/2013\/03\/Captura-de-pantalla-2013-03-14-a-las-23.13.26.png\"><img loading=\"lazy\" class=\"alignnone size-full wp-image-886\" alt=\"Captura de pantalla 2013-03-14 a la(s) 23.13.26\" src=\"http:\/\/www.subverso.es\/wp-content\/uploads\/2013\/03\/Captura-de-pantalla-2013-03-14-a-las-23.13.26.png\" width=\"1031\" height=\"327\" srcset=\"http:\/\/www.subverso.es\/wp-content\/uploads\/2013\/03\/Captura-de-pantalla-2013-03-14-a-las-23.13.26.png 1031w, http:\/\/www.subverso.es\/wp-content\/uploads\/2013\/03\/Captura-de-pantalla-2013-03-14-a-las-23.13.26-330x104.png 330w\" sizes=\"(max-width: 1031px) 100vw, 1031px\" \/><\/a><\/p>\n<p>&nbsp;<\/p>\n<p><strong><\/p>\n<blockquote><p>\u00a1\u00a1\u00a1\u00a1Por favor, vea al final de la p\u00e1gina el aviso de la direcci\u00f3n!!<\/p><\/blockquote>\n<p><\/strong><\/p>\n<p>&nbsp;<\/p>\n<p><strong>Un festival \u00fanico y plural donde impera la opini\u00f3n de los lectores.<\/strong><\/p>\n<p>El <a href=\"http:\/\/www.festivalpremierroman.com\" target=\"_blank\">Festival du premier roman<\/a> de Chamb\u00e9ry es la \u00fanica manifestaci\u00f3n literaria en Francia en trabajar <strong>por el descubrimiento y la promoci\u00f3n de primeras novelas franc\u00f3fonas y europeas mediante la lectur<\/strong>a. En efecto, <strong>3000 lectores seleccionan<\/strong>, tras un a\u00f1o de lecturas y debates, a los <strong>autores noveles<\/strong> que m\u00e1s les llamaron la atenci\u00f3n y los invitan al Festival. As\u00ed, cada a\u00f1o, 15 autores noveles franc\u00f3fonos y 8 autores de primera novela italiana, espa\u00f1ola, alemana, rumana, inglesa, portuguesa, participan en las distintas manifestaciones del Festival, entre autores ya famosos. Este enfoque original crea un evento literario \u00fanico y plural al servicio de la creaci\u00f3n literaria contempor\u00e1nea.<\/p>\n<p><strong>Una temporada de lecturas activas &#8230;<\/strong><br \/>\nSe le distribuye una variada selecci\u00f3n de primeras novelas escogidas entre las publicaciones franc\u00f3fonas y europeas del a\u00f1o a <strong>la red de 3000 lectores<\/strong> oriundos de un amplio territorio en Francia y en el extranjero. Numerosos lectores leen \u00ab en V.O. \u00bb \u00f3peras primas en italiano, espa\u00f1ol, alem\u00e1n, rumano, ingl\u00e9s y portugu\u00e9s antes de que se publiquen en Francia. A lo largo del a\u00f1o, todos los lectores tienen muchas oportunidades para intercambiar, debatir de viva voz o para compartir comentarios en los foros de debate. En medio de esta red de lectores, centenares de j\u00f3venes, desde el colegio hasta la universidad participan en la din\u00e1mica del Festival de Chamb\u00e9ry: intercambian, debaten, encuentran a los autores y contactan con ellos mediante <strong>intercambios epistolares<\/strong>.<\/p>\n<p>Para <strong>los p\u00fablicos alejados del libro o en precariedad social,<\/strong> se crearon agrupaciones en los hospitales, c\u00e1rceles, residencias de ancianos, centros sociales &#8230; Las personas discapacitadas para la lectura participan en el Festival gracias a los donantes de voz, lectores voluntarios que graban en el formato MP3 las novelas franc\u00f3fonas y europeas de la preselecci\u00f3n.<\/p>\n<p>Al cabo de una temporada de lecturas activas y debates, <strong>votan todos los lectores por sus favoritos<\/strong>: su palmar\u00e9s, revelado en marzo, es reconocido y esperado por los profesionales del mundo editorial, la prensa, as\u00ed como por todos los que quieren descubrir escrituras novedosas. Esta selecci\u00f3n, fruto de lecturas exigentes y apasionadas, propone un viaje fuera de las rutas habituales al encuentro de las literaturas franc\u00f3fonas y europeas y determina la acogida de los autores noveles al Festival.<br \/>\n<strong>&#8230; y en mayo el Festival<\/strong><br \/>\nCada a\u00f1o, recibe el Festival a 23 autores franc\u00f3fonos y europeos seleccionados por los lectores. Durante cuatro d\u00edas, se desarrolla el Festival en varios lugares de la ciudad con encuentros, mesas redondas, talleres de traducci\u00f3n, pero adem\u00e1s, lecturas de la correspondencia epistolar entre j\u00f3venes y autores, desayunos literarios, funciones, exposiciones y charlas animadas con los autores en en las terrazas de los bares. El Festival le propone al p\u00fablico una exploraci\u00f3n de la literatura en su proceso creador, con amplitud de miras, en la encrucijada de otras expresiones art\u00edsticas a trav\u00e9s de citas y encuentros calurosos con los autores, sus obras, su mundo.<br \/>\n<strong>Un Festival en siete idiomas<\/strong><br \/>\nDesde hace m\u00e1s de quince a\u00f1os, cultiva el Festival una dimensi\u00f3n internacional. Desde 1994, cruz\u00f3 los Alpes para trabar v\u00ednculos con Italia. Gracias a intercambios provechosos y enriquecedores, se crearon lazos muy estrechos entre ambas culturas y literaturas. A lo largo de los a\u00f1os, se establecieron otras colaboraciones, especialmente con <strong>Espa\u00f1a, Alemania, Ruman\u00eda, el Reino Unido y Portugal.<\/strong> Tambi\u00e9n se concretan actividades dirigidas a la francofon\u00eda (S<strong>uiza, B\u00e9lgica, Qu\u00e9bec, Burkina-Faso, Maghreb<\/strong>). Poco a poco, va constituy\u00e9ndose una red internacional en torno al Festival para favorecer intercambios y encuentros cruzados entre lectores, autores, obras y profesionales del \u00e1mbito editorial acerca de la creaci\u00f3n literaria contempor\u00e1nea.<\/p>\n<p><strong>Red internacional para la difusi\u00f3n y promoci\u00f3n del debut literario :<\/strong><\/p>\n<p>. <b>Italia<\/b> : Premio Citt\u00e0 di Cuneo per il Primo Romanzo e Istituto italiano di Cultura de Lyon<br \/>\n. <b>B\u00e9lgica<\/b> : Biblioteca p\u00fablica de Mouscron<br \/>\n. <b>Espa\u00f1a<\/b> : Instituto Cervantes de Lyon y <a href=\"http:\/\/www.catedramdelibes.com\/\" target=\"_blank\">C\u00e1tedra Miguel Delibes<\/a> (Universidad de Valladolid)<br \/>\n. <b>Alemania<\/b> : Literaturhaus de Hamburgo \u2013 Mara Cassens Preis y el Instituto Goethe de Lyon<br \/>\n. <b>Ruman\u00eda<\/b> : Instituto franc\u00e9s de Iasi e Instituto Cultural Rumano de Par\u00eds<br \/>\n. <b>Gran Breta\u00f1a<\/b> : Waverton Good Read Award<br \/>\n. <b>Portugal<\/b> : Bibliotecas municipais de Oeiras<br \/>\n. <b>Qu\u00e9bec<\/b> : La Recrue du mois<\/p>\n<p><a href=\"http:\/\/www.festivalpremierroman.com\" target=\"_blank\">\u00a0Festival du Premier Roman<\/a><\/p>\n<blockquote><p>Si desea proponer una OPERA PRIMA para concursar en el FESTIVAL DU PREMIER ROMAN, h\u00e1galo a trav\u00e9s del formulario de COLABORE (en el \u00abmen\u00fa\u00bb de\u00a0 la cabecera de SUBVERSO), poniendo en el \u00abAsunto\u00bb: MI PROPUESTA DE OPERA PRIMA.<\/p>\n<p>Una vez comprobado que su propuesta cumple los requisitos (ser una \u00abopera prima\u00bb y \u00abno ser una autoedici\u00f3n\u00bb),<br \/>\na) pasar\u00e1 a formar parte de la lista de obras propuestas;<br \/>\nb) el equipo de SUBVERSO elegir\u00e1 entre todas las propuestas 5 novelas;<br \/>\nc) todas las propuestas aparecer\u00e1n en una lista de Subverso, pero<br \/>\nd) durante un m\u00e9s (se anunciar\u00e1 convenientemente en estas mismas p\u00e1ginas) se abrir\u00e1 el listado de 5 novelas a la votaci\u00f3n de los lectores. <\/p><\/blockquote>\n<p>&nbsp;<\/p>\n","protected":false},"excerpt":{"rendered":"<p>PRESENTACI\u00d3N &nbsp; \u00a1\u00a1\u00a1\u00a1Por favor, vea al final de la p\u00e1gina el aviso de la direcci\u00f3n!! &nbsp; Un festival \u00fanico y plural donde impera la opini\u00f3n de los lectores. El Festival du premier roman de Chamb\u00e9ry es la \u00fanica manifestaci\u00f3n literaria en Francia en trabajar por el descubrimiento y la promoci\u00f3n de primeras novelas franc\u00f3fonas y europeas mediante la lectura. En efecto, 3000 lectores seleccionan, tras un a\u00f1o de lecturas y debates, a los autores noveles que m\u00e1s les llamaron la atenci\u00f3n y los invitan al Festival. As\u00ed, cada a\u00f1o, 15 autores noveles franc\u00f3fonos y 8 autores de primera novela italiana, espa\u00f1ola, alemana, rumana, inglesa, portuguesa, participan en las distintas manifestaciones del Festival, entre autores ya famosos. Este enfoque original crea un evento literario \u00fanico y plural al servicio de la creaci\u00f3n literaria contempor\u00e1nea. Una temporada de lecturas activas &#8230; Se le distribuye una variada selecci\u00f3n de primeras novelas escogidas entre las publicaciones franc\u00f3fonas y europeas del a\u00f1o a la red de 3000 lectores oriundos de un amplio territorio en Francia y en el extranjero. Numerosos lectores leen \u00ab en V.O. \u00bb \u00f3peras primas en italiano, espa\u00f1ol, alem\u00e1n, rumano, ingl\u00e9s y portugu\u00e9s antes de que se publiquen en Francia. A lo [&hellip;]<\/p>\n","protected":false},"author":1,"featured_media":886,"parent":127,"menu_order":0,"comment_status":"open","ping_status":"open","template":"","meta":{"ngg_post_thumbnail":0},"_links":{"self":[{"href":"http:\/\/www.subverso.es\/index.php?rest_route=\/wp\/v2\/pages\/864"}],"collection":[{"href":"http:\/\/www.subverso.es\/index.php?rest_route=\/wp\/v2\/pages"}],"about":[{"href":"http:\/\/www.subverso.es\/index.php?rest_route=\/wp\/v2\/types\/page"}],"author":[{"embeddable":true,"href":"http:\/\/www.subverso.es\/index.php?rest_route=\/wp\/v2\/users\/1"}],"replies":[{"embeddable":true,"href":"http:\/\/www.subverso.es\/index.php?rest_route=%2Fwp%2Fv2%2Fcomments&post=864"}],"version-history":[{"count":15,"href":"http:\/\/www.subverso.es\/index.php?rest_route=\/wp\/v2\/pages\/864\/revisions"}],"predecessor-version":[{"id":880,"href":"http:\/\/www.subverso.es\/index.php?rest_route=\/wp\/v2\/pages\/864\/revisions\/880"}],"up":[{"embeddable":true,"href":"http:\/\/www.subverso.es\/index.php?rest_route=\/wp\/v2\/pages\/127"}],"wp:featuredmedia":[{"embeddable":true,"href":"http:\/\/www.subverso.es\/index.php?rest_route=\/wp\/v2\/media\/886"}],"wp:attachment":[{"href":"http:\/\/www.subverso.es\/index.php?rest_route=%2Fwp%2Fv2%2Fmedia&parent=864"}],"curies":[{"name":"wp","href":"https:\/\/api.w.org\/{rel}","templated":true}]}}

<p><strong>PRESENTACIÓN</strong></p>
<p><a href="http://www.subverso.es/wp-content/uploads/2013/03/Captura-de-pantalla-2013-03-14-a-las-23.13.26.png"><img loading="lazy" class="alignnone size-full wp-image-886" alt="Captura de pantalla 2013-03-14 a la(s) 23.13.26" src="http://www.subverso.es/wp-content/uploads/2013/03/Captura-de-pantalla-2013-03-14-a-las-23.13.26.png" width="1031" height="327" srcset="http://www.subverso.es/wp-content/uploads/2013/03/Captura-de-pantalla-2013-03-14-a-las-23.13.26.png 1031w, http://www.subverso.es/wp-content/uploads/2013/03/Captura-de-pantalla-2013-03-14-a-las-23.13.26-330x104.png 330w" sizes="(max-width: 1031px) 100vw, 1031px" /></a></p>
<p>&nbsp;</p>
<p><strong></p>
<blockquote><p>¡¡¡¡Por favor, vea al final de la página el aviso de la dirección!!</p></blockquote>
<p></strong></p>
<p>&nbsp;</p>
<p><strong>Un festival único y plural donde impera la opinión de los lectores.</strong></p>
<p>El <a href="http://www.festivalpremierroman.com" target="_blank">Festival du premier roman</a> de Chambéry es la única manifestación literaria en Francia en trabajar <strong>por el descubrimiento y la promoción de primeras novelas francófonas y europeas mediante la lectur</strong>a. En efecto, <strong>3000 lectores seleccionan</strong>, tras un año de lecturas y debates, a los <strong>autores noveles</strong> que más les llamaron la atención y los invitan al Festival. Así, cada año, 15 autores noveles francófonos y 8 autores de primera novela italiana, española, alemana, rumana, inglesa, portuguesa, participan en las distintas manifestaciones del Festival, entre autores ya famosos. Este enfoque original crea un evento literario único y plural al servicio de la creación literaria contemporánea.</p>
<p><strong>Una temporada de lecturas activas &#8230;</strong><br />
Se le distribuye una variada selección de primeras novelas escogidas entre las publicaciones francófonas y europeas del año a <strong>la red de 3000 lectores</strong> oriundos de un amplio territorio en Francia y en el extranjero. Numerosos lectores leen « en V.O. » óperas primas en italiano, español, alemán, rumano, inglés y portugués antes de que se publiquen en Francia. A lo largo del año, todos los lectores tienen muchas oportunidades para intercambiar, debatir de viva voz o para compartir comentarios en los foros de debate. En medio de esta red de lectores, centenares de jóvenes, desde el colegio hasta la universidad participan en la dinámica del Festival de Chambéry: intercambian, debaten, encuentran a los autores y contactan con ellos mediante <strong>intercambios epistolares</strong>.</p>
<p>Para <strong>los públicos alejados del libro o en precariedad social,</strong> se crearon agrupaciones en los hospitales, cárceles, residencias de ancianos, centros sociales &#8230; Las personas discapacitadas para la lectura participan en el Festival gracias a los donantes de voz, lectores voluntarios que graban en el formato MP3 las novelas francófonas y europeas de la preselección.</p>
<p>Al cabo de una temporada de lecturas activas y debates, <strong>votan todos los lectores por sus favoritos</strong>: su palmarés, revelado en marzo, es reconocido y esperado por los profesionales del mundo editorial, la prensa, así como por todos los que quieren descubrir escrituras novedosas. Esta selección, fruto de lecturas exigentes y apasionadas, propone un viaje fuera de las rutas habituales al encuentro de las literaturas francófonas y europeas y determina la acogida de los autores noveles al Festival.<br />
<strong>&#8230; y en mayo el Festival</strong><br />
Cada año, recibe el Festival a 23 autores francófonos y europeos seleccionados por los lectores. Durante cuatro días, se desarrolla el Festival en varios lugares de la ciudad con encuentros, mesas redondas, talleres de traducción, pero además, lecturas de la correspondencia epistolar entre jóvenes y autores, desayunos literarios, funciones, exposiciones y charlas animadas con los autores en en las terrazas de los bares. El Festival le propone al público una exploración de la literatura en su proceso creador, con amplitud de miras, en la encrucijada de otras expresiones artísticas a través de citas y encuentros calurosos con los autores, sus obras, su mundo.<br />
<strong>Un Festival en siete idiomas</strong><br />
Desde hace más de quince años, cultiva el Festival una dimensión internacional. Desde 1994, cruzó los Alpes para trabar vínculos con Italia. Gracias a intercambios provechosos y enriquecedores, se crearon lazos muy estrechos entre ambas culturas y literaturas. A lo largo de los años, se establecieron otras colaboraciones, especialmente con <strong>España, Alemania, Rumanía, el Reino Unido y Portugal.</strong> También se concretan actividades dirigidas a la francofonía (S<strong>uiza, Bélgica, Québec, Burkina-Faso, Maghreb</strong>). Poco a poco, va constituyéndose una red internacional en torno al Festival para favorecer intercambios y encuentros cruzados entre lectores, autores, obras y profesionales del ámbito editorial acerca de la creación literaria contemporánea.</p>
<p><strong>Red internacional para la difusión y promoción del debut literario :</strong></p>
<p>. <b>Italia</b> : Premio Città di Cuneo per il Primo Romanzo e Istituto italiano di Cultura de Lyon<br />
. <b>Bélgica</b> : Biblioteca pública de Mouscron<br />
. <b>España</b> : Instituto Cervantes de Lyon y <a href="http://www.catedramdelibes.com/" target="_blank">Cátedra Miguel Delibes</a> (Universidad de Valladolid)<br />
. <b>Alemania</b> : Literaturhaus de Hamburgo – Mara Cassens Preis y el Instituto Goethe de Lyon<br />
. <b>Rumanía</b> : Instituto francés de Iasi e Instituto Cultural Rumano de París<br />
. <b>Gran Bretaña</b> : Waverton Good Read Award<br />
. <b>Portugal</b> : Bibliotecas municipais de Oeiras<br />
. <b>Québec</b> : La Recrue du mois</p>
<p><a href="http://www.festivalpremierroman.com" target="_blank"> Festival du Premier Roman</a></p>
<blockquote><p>Si desea proponer una OPERA PRIMA para concursar en el FESTIVAL DU PREMIER ROMAN, hágalo a través del formulario de COLABORE (en el «menú» de  la cabecera de SUBVERSO), poniendo en el «Asunto»: MI PROPUESTA DE OPERA PRIMA.</p>
<p>Una vez comprobado que su propuesta cumple los requisitos (ser una «opera prima» y «no ser una autoedición»),<br />
a) pasará a formar parte de la lista de obras propuestas;<br />
b) el equipo de SUBVERSO elegirá entre todas las propuestas 5 novelas;<br />
c) todas las propuestas aparecerán en una lista de Subverso, pero<br />
d) durante un més (se anunciará convenientemente en estas mismas páginas) se abrirá el listado de 5 novelas a la votación de los lectores. </p></blockquote>
<p>&nbsp;</p>

<p>PRESENTACIÓN &nbsp; ¡¡¡¡Por favor, vea al final de la página el aviso de la dirección!! &nbsp; Un festival único y plural donde impera la opinión de los lectores. El Festival du premier roman de Chambéry es la única manifestación literaria en Francia en trabajar por el descubrimiento y la promoción de primeras novelas francófonas y europeas mediante la lectura. En efecto, 3000 lectores seleccionan, tras un año de lecturas y debates, a los autores noveles que más les llamaron la atención y los invitan al Festival. Así, cada año, 15 autores noveles francófonos y 8 autores de primera novela italiana, española, alemana, rumana, inglesa, portuguesa, participan en las distintas manifestaciones del Festival, entre autores ya famosos. Este enfoque original crea un evento literario único y plural al servicio de la creación literaria contemporánea. Una temporada de lecturas activas &#8230; Se le distribuye una variada selección de primeras novelas escogidas entre las publicaciones francófonas y europeas del año a la red de 3000 lectores oriundos de un amplio territorio en Francia y en el extranjero. Numerosos lectores leen « en V.O. » óperas primas en italiano, español, alemán, rumano, inglés y portugués antes de que se publiquen en Francia. A lo [&hellip;]</p>
